?
-3683880
What is -1b721c (base 14) in base 10?
-980026
Convert 46e18 (base 15) to base 3.
102110220112
-595690 (base 12) to base 6
-50512300
What is -29cba (base 16) in base 14?
-46562
What is -11ae13 (base 15) in base 6?
-30052530
What is -100110100101010100110 (base 2) in base 3?
-2101020021201
What is 22124464 (base 8) in base 4?
102022210310
-3c455 (base 15) to base 10
-193355
Convert -3b9f7 (base 16) to base 9.
-412000
Convert 4762c (base 16) to base 6.
10133404
89a451 (base 13) to base 6
153354441
What is -122435532 (base 6) in base 4?
-21002120300
What is -1411361 (base 8) in base 2?
-1100001001011110001
-11076310 (base 8) to base 3
-11111111011110
What is 1342321243 (base 5) in base 12?
11b9785
What is 101257 (base 8) in base 3?
1200220002
Convert 15462446 (base 7) to base 2.
101101100110101000010
21002122121 (base 3) to base 10
139714
What is -71076367 (base 8) in base 4?
-321013303313
50353125 (base 6) to base 10
1430189
57117 (base 15) to base 2
1000011101000000101
What is -3a654ba (base 12) in base 6?
-1052111154
10138030 (base 9) to base 12
1768a60
Convert -3a8933 (base 16) to base 15.
-50b9c6
8131a16 (base 11) to base 12
4995930
Convert 606600 (base 10) to base 16.
94188
-11945 (base 12) to base 16
-5d05
Convert -363a75 (base 16) to base 9.
-6616037
What is -55176 (base 8) in base 3?
-1011210000
-133502303 (base 7) to base 4
-201011133200
Convert -210987 (base 13) to base 10.
-772779
1031330103 (base 5) to base 11
1282794
-2650324 (base 7) to base 6
-11244314
-24289 (base 14) to base 5
-10311241
What is -102031322 (base 4) in base 8?
-221572
What is -1230c (base 15) in base 3?
-2221122110
What is 1331311334 (base 5) in base 12?
1173057
What is 1011110001100010001 (base 2) in base 3?
201121020020
Convert 154241 (base 14) to base 10.
741329
What is -20253615 (base 7) in base 10?
-1694040
What is -5486347 (base 9) in base 13?
-7c3cb4
5403543 (base 6) to base 5
31441424
Convert -200200212122011 (base 3) to base 11.
-5678187
Convert -10432340 (base 5) to base 3.
-11201100201
What is 1714473 (base 13) in base 14?
dc4175
Convert 30355 (base 13) to base 8.
250364
1a5418 (base 11) to base 2
1001100110011111011
-1202120321 (base 4) to base 12
-175275
What is -8cb4e1 (base 15) in base 12?
-2301394
6286048 (base 9) to base 7
40406363
1143412234 (base 5) to base 10
2716569
12103221 (base 5) to base 15
236e1
Convert 504534 (base 6) to base 4.
21300022
What is -30031023013 (base 4) in base 3?
-20000120010221
What is 133103111 (base 5) in base 3?
1021022111001
What is 54540 (base 9) in base 5?
2124122
What is 6520652 (base 7) in base 4?
3002012312
What is 27010545 (base 8) in base 7?
102200103
-42665 (base 12) to base 9
-142725
What is 10001001110110101011 (base 2) in base 15?
b2486
993c5 (base 13) to base 6
5540402
Convert 33309 (base 10) to base 12.
17339
-7404a (base 16) to base 10
-475210
Convert 23203113033 (base 4) to base 5.
1233402211
What is 51a1c (base 14) in base 13?
6b773
Convert -1001111101111001 (base 2) to base 3.
-2002000001
What is b3758 (base 14) in base 5?
102313013
234075 (base 9) to base 11
96839
What is 1667145 (base 9) in base 5?
214232301
7063133 (base 10) to base 11
3a94700
100001110001110010011 (base 2) to base 13
2c9a42
What is -33013323131 (base 4) in base 15?
-534a92
Convert -1210100022 (base 4) to base 5.
-101120014
What is 101202141 (base 5) in base 8?
1446174
Convert 29a7b2 (base 16) to base 2.
1010011010011110110010
1314779 (base 10) to base 2
101000000111111011011
11000100101 (base 3) to base 12
39861
What is 13101320 (base 4) in base 5?
1423231
What is 1246196 (base 10) in base 8?
4601764
85430 (base 9) to base 16
dca4
Convert -48855 (base 11) to base 10.
-70240
2a20c (base 14) to base 9
168526
Convert -1525035 (base 6) to base 8.
-256217
4734052 (base 8) to base 16
13b82a
Convert 112413311 (base 5) to base 3.
222002111112
Convert -16118a (base 14) to base 16.
-bc536
284741 (base 10) to base 5
33102431
Convert -c586a (base 15) to base 16.
-98e63
Convert 805141 (base 9) to base 7.
4022131
What is 3660767 (base 8) in base 13?
293b28
1aadc9 (base 14) to base 10
952149
1000110111000110010 (base 2) to base 3
112202021212
5460041 (base 7) to base 6
22205232
What is 155225312 (base 6) in base 14?
62a380
-10bab74 (base 12) to base 6
-153143424
What is 25254541 (base 6) in base 16?
c747d
-14a5c9 (base 15) to base 10
-996939
498214 (base 10) to base 7
4143343
What is -20100012220 (base 4) in base 7?
-24246310
-203335504 (base 6) to base 16
-35d400
-34a10aa (base 11) to base 5
-3030403443
What is -2058562 (base 9) in base 13?
-2c7779
2403424033 (base 5) to base 10
5529893
What is -1434236 (base 7) in base 5?
-22143302
-61760 (base 11) to base 9
-146520
What is -3a38621 (base 11) in base 16?
-6a83a1
What is 1435012 (base 6) in base 3?
11012111022
10dad (base 15) to base 6
1052401
Convert 330123220 (base 4) to base 2.
111100011011101000
Convert -205540213 (base 7) to base 5.
-11111232334
Convert -5125553 (base 6) to base 7.
-2040054
What is -210033500 (base 6) in base 12?
-1278890
331334034 (base 5) to base 13
3b2714
Convert 7a03c (base 13) to base 6.
4431312
What is -105bc4 (base 15) in base 5?
-144411114
1010101000110011001110 (base 2) to base 8
12506316
What is -217663 (base 8) in base 3?
-10202000211
Convert -349757 (base 14) to base 8.
-6656401
What is -1110110020 (base 4) in base 16?
-54508
10000240 (base 6) to base 3
112020010120
What is -18d5d (base 14) in base 16?
-f617
1134255 (base 6) to base 3
10000022222
What is 4557367 (base 8) in base 16?
12def7
What is -21122101012000 (base 3) in base 4?
-33133232223
What is -15234020 (base 6) in base 16?
-8241c
-b6aa64 (base 14) to base 9
-12552845
-1d46d2 (base 15) to base 8
-5355743
What is 60c60 (base 14) in base 16?
38de4
1001101100101101000010 (base 2) to base 5
1122324102
Convert 21067 (base 11) to base 10.
30686
Convert -100100313010 (base 4) to base 8.
-20206704
What is -50b59b (base 13) in base 14?
-36da05
What is 805737 (base 10) in base 14?
16d8c9
Convert 117570 (base 10) to base 16.
1cb42
Convert -3221142 (base 5) to base 2.
-1101010100010011
-25002301 (base 7) to base 8
-10417405
What is 10100010101000011 (base 2) in base 9?
136188
What is 523208 (base 10) in base 12?
212948
Convert 344 (base 6) to base 5.
1021
What is 1458a (base 12) in base 3?
1110001121
100000101011110111001 (base 2) to base 4
10011132321
Convert 32401001 (base 7) to base 14.
522a71
What is -10781 (base 12) in base 11?
-15456
What is -14311379 (base 10) in base 7?
-232434065
245215 (base 9) to base 3
21112020112
Convert -71699 (base 11) to base 9.
-168500
What is -403645 (base 8) in base 14?
-366a1
What is -607370 (base 10) in base 6?
-21003522
-6ccbd (base 14) to base 5
-32002233
Convert -1abc3 (base 13) to base 11.
-36532
-54161 (base 9) to base 3
-1211012001
Convert 1000100101100101 (base 2) to base 15.
a64d
Convert -212220022012012 (base 3) to base 4.
-300130331003
-10100000101111110110 (base 2) to base 11
-40a756
Convert 11512332 (base 7) to base 8.
3730604
What is a8632 (base 14) in base 5?
101013312
2243144 (base 6) to base 11
79248
650127 (base 8) to base 11
139192
4a3b53 (base 12) to base 16
1274af
What is -86787 (base 9) in base 2?
-1110000010100100
1b8235 (base 16) to base 6
102350153
Convert -31123133323 (base 4) to base 16.
-35b7fb
Convert 120112212212 (base 3) to base 13.
a942a
151430315 (base 6) to base 2
1100000011101111100111
-23022221 (base 5) to base 12
-9a552
Convert 341058 (base 10) to base 13.
bc313
What is 160493 (base 11) in base 15?
4ddc3
What is 32303411 (base 6) in base 2?
11101001101100111111
Convert -10232021321 (base 5) to base 9.
-22311862
Convert 11683e (base 15) to base 6.
25500205
b51cc2 (base 13) to base 15
588b41
-420440 (base 11) to base 16
-a48de
49258 (base 15) to base 7
1661330
-90793b (base 12) to base 3
-11020110102202
What is 2011201200202 (base 3) in base 16?
11a383
-533431 (base 8) to base 2
-101011011100011001
Convert 130001221230 (base 4) to base 15.
9a1c66
-190eb (base 16) to base 12
-4b48b
What is 3162423 (base 7) in base 13?
10635c
What is -5b0aa (base 16) in base 12?
-15b976
-1b566 (base 13) to base 10
-53657
What is -161594 (base 10) in base 2?
-100111011100111010
-133100514 (base 6) to base 14
-4d60d8
-2020645 (base 8) to base 14
-d